ivative of y**7/2520 - y**6/240 + y**5/120 + 17*y**4/24 - 14*y**2. Let w(o) be the second derivative of z(o). What is w(3)?
1
Let u be (3 + 1)*4 - -1. Let s(q) = u - 12 + q - 5*q + 3*q. Determine s(5).
0
Let z(y) = 21*y**2 - 3 - 2*y**3 - 5*y - 7*y - 14. Let c(p) = -p**3 + 10*p**2 - 6*p - 8. Let i(u) = -7*c(u) + 3*z(u). Suppose -135 = -92*h + 65*h. Give i(h).
-15
Let m(c) = c**3 - 5*c**2 + 3*c + 3. Suppose -3 + 35 = 2*x. Suppose 5*t - x = -4*p, 3*p + 2*t - 12 = t. Give m(p).
-1
Suppose -5*a = 5*f + 55, 5*a - 2*f - 3*f = -5. Let l(i) = i + 11. What is l(a)?
5
Let l(p) be the second derivative of p**4/12 - 11*p**3/6 + 6*p**2 + 223*p. Calculate l(11).
12
Let d(a) = -a + 2. Let m be d(0). Suppose -m*s - 4 = 2*s. Let x(p) = -12*p**3. Give x(s).
12
Let s be (-2)/8 - (-5)/40*-62. Let r(a) = -a + 8. What is r(s)?
16
Suppose b + 2 - 3 = 0. Let w(n) = -5*n**3 + n**2 + n - 2. Calculate w(b).
-5
Let s be (-5)/5 + 6 + -1. Let b(v) = -13*v + 22. Let l(f) = -9*f + 15. Let u(d) = -5*b(d) + 7*l(d). Determine u(s).
3
Suppose 1 + 8 = 3*j. Let l = 46 + -40. Let r(m) = -l - m + 11 - 5*m + 5*m. What is r(j)?
2
Let p be (-78)/(-13)*6/4. Let u(m) = -2*m - 8. Let b(w) = 4*w + 16. Let o(k) = p*u(k) + 4*b(k). Calculate o(-6).
4
Let b(z) be the first derivative of z**2/2 - 10*z - 55. Calculate b(7).
-3
Suppose m - 3*s - 8 = -s, -5*s - 23 = -m. Let a(d) = d**2 - d + 4 + 4*d + 4*d**2. Let z(g) = -g**2 - g - 1. Let u(k) = a(k) + 6*z(k). Determine u(m).
0
Let t(s) = -s**2 - s + 4. Let i(q) = -2*q**2 + 9*q - 10. Let j(y) = 10*y - 18. Let o be j(2). Let z be i(o). Determine t(z).
4
Suppose -38*k = -17*k + 231. Let f(a) be the third derivative of -a**5/60 - a**4/2 - 5*a**3/3 + a**2. Determine f(k).
1
Let m(l) be the first derivative of -l**4/12 + 2*l**3/3 - l**2 - 28*l - 55. Let y(z) be the second derivative of m(z). Determine y(3).
-2
Let h(m) = m**2 + 3*m + 2. Let o(g) = -2*g**2 + 67*g + 136. Let n be o(-2). Calculate h(n).
20
Let s(d) = 2*d + 10. Let h = 3 + -1. Let z(b) = h*b + b - 2*b + 5. Let w(o) = 3*s(o) - 5*z(o). Give w(-8).
-3
Let i(u) = -u**3 + 4*u**2 + u. Let c = -35 - -45. Suppose k - c = 3*g - 5*g, 0 = 3*k - 6. Give i(g).
4
Let z(x) = -x**3 - 2*x**2 - 2*x + 2. Let s(g) = g**2 + 11*g - 14. Let j be s(-13). Suppose r = 5*b - j, 2*r - b + 10 = -2*r. Calculate z(r).
6
Let s(u) = 5*u**3 + u**2 + 2*u - 1. Let x = 6 + -1. Let r(y) = -4*y**2 + 3 - 4 - 19*y**3 - 9*y + x. Let w(m) = 2*r(m) + 9*s(m). Determine w(-1).
-7
Let m(f) = -f**3 - 2*f**2. Let y(n) = -4*n**3 - 11*n**2 - 4*n + 6. Let d(r) = -3*m(r) + y(r). What is d(-5)?
26
Let y(m) be the third derivative of -1/12*m**4 - 1/6*m**3 + 0*m + m**2 + 0. What is y(1)?
-3
Let d(t) be the third derivative of t**5/120 + 7*t**4/24 + 47*t**3/6 + 2*t**2 + 25. Let o(a) be the first derivative of d(a). Give o(0).
7
Suppose -3*h - 5 = 4*j, -2*j + 10 = 16*h - 12*h. Let s(u) = u**2 + 5*u - 4. Give s(j).
-4
Let f be 4 + 2 + -3 + -9. Let o(v) be the second derivative of -v**3/6 + v**2/2 + 3*v - 85. Determine o(f).
7
Suppose -5*t + 13 = -2. Let d(i) = 10*i - 22. Let r(v) = -5*v + 10. Let j(k) = 2*d(k) + 5*r(k). Let m(n) = -n + 1. Let c(a) = j(a) - 3*m(a). What is c(t)?
-3
Let p(v) = -v + 10. Let x = 1509 + -1492. Calculate p(x).
-7
Let s(w) = w - 12. Let l(p) = 7*p - 63. Let z(f) = l(f) - 5*s(f). Let b be (-3)/(-9) - 17/(-3). Give z(b).
9
Let h(q) = -2*q - 3. Let g be (2 - -1) + -6 + -13. Let u = g + 21. Calculate h(u).
-13
Let v(w) = -1 + 4*w - 4*w - 5 + 2*w**2. Let o be v(0). Let b(t) = -t**3 + t - 1. Let q(x) = -3*x**3 - 5*x**2 + 8*x + 7. Let m(n) = 2*b(n) - q(n). Give m(o).
-9
Let y(p) = 11*p**3 - p**2 - p. Let t(q) = -q - 2. Let d be 3/6*(6 + 0). Suppose 4*u + d = -1. Let n be t(u). Calculate y(n).
-11
Let y = 138 + -57. Suppose y*b + 15 = 78*b. Let j(n) = n**3 + 5*n**2 - 2*n - 2. Give j(b).
8
Suppose 30 = 8*r - 2. Let a(w) = -w**3 + 4*w**2 + w - 2. What is a(r)?
2
Suppose 11*z = 68 + 152. Let u be (-2 - (-48)/z) + 9/15. Let j(l) = 8*l**2. Determine j(u).
8
Let j(b) = -15*b**2 - 4*b + 2. Let q(w) = -w**2 - w + 1. Let d(t) = -j(t) + 3*q(t). Let p be 20/4 + -2 + -4. Calculate d(p).
12
Let x(p) be the first derivative of -p**5/60 - p**4/6 - p**3/3 + 7*p**2 - 1. Let n(t) be the second derivative of x(t). Calculate n(-3).
1
Let r = 6 - 2. Let k(p) be the second derivative of p**7/840 - p**6/90 - 5*p**4/24 - p**3/3 - 5*p. Let a(o) be the second derivative of k(o). Determine a(r).
-5
Let h be 165/25 - (-2)/5. Let d be (h - 7)/(0 + 1). Let f(l) be the first derivative of -l**4/4 - l**3/3 + l**2/2 + 8*l - 41. What is f(d)?
8
Let a(l) = 8 - l - 3 + 0. Suppose 31*f - 232 = -35*f + 8*f. What is a(f)?
1
Let h = 127 - 130. Let o(g) be the first derivative of -g**4/6 - g**3/3 + 2*g**2 - g + 2. Let z(l) be the first derivative of o(l). Give z(h).
-8
Let n be (5 - 4)*(-2)/(-1). Let w be n*3*1/3. Let s(t) = 6*t**w - t - 4*t - 2 - t**3 - 2*t + 3*t. Calculate s(5).
3
Let h(g) = 9*g**3 - 12*g**2 + 10*g + 17. Let m(s) = -20*s**3 + 23*s**2 - 19*s - 36. Let u(p) = 9*h(p) + 4*m(p). Determine u(15).
-6
Suppose -d - 6 = 2*d - 3*n, -4*n + 2 = -2*d. Let y = -6 + 8. Let q(p) = -5*p - 2*p - y*p**2 + 1 + 6*p. Calculate q(d).
-14
Let k(d) = -3*d**3 + 3*d**2 + d - 2. Let m(b) = b**3 - b**2. Let l(s) = k(s) + 5*m(s). Let j = 704 + -702. Calculate l(j).
8
Let q(c) = -5*c**2 - 3*c**3 + 5*c**3 - 4*c**3 - 6 + 3*c**3 + 4*c. Let n = 843 + -839. What is q(n)?
-6
Suppose -3*z = 65 - 68. Let p(f) = 8 + 6 + z - 12 - 3*f. Suppose 0 = 5*m - 5, 2*w - 3*m - 3 = -0*m. Calculate p(w).
-6
Let w be 6/4 - (-7)/14. Suppose w - 5 = -r. Let h(p) = -4 - 3*p**3 + 3 + 3*p**2 + 2*p**r + 2*p**2. Determine h(5).
-1
Let u(o) = -o - 1. Let f be (10/(-5))/((-2)/68). Let j = f - 67. What is u(j)?
-2
Suppose -2*z - 3*z + y + 7 = 0, -5*y = -4*z + 14. Let k(n) = -2*n**2 - 2*n + 6. Let l(o) = o**2 + o - 1. Let g(d) = z*k(d) + 3*l(d). What is g(0)?
3
Let r(d) = -1 - 1 + 3*d + 4*d**2 - d. Let k(v) = v**2 - 10*v + 14. Let i = 47 - 39. Let x be k(i). Calculate r(x).
10
Suppose -15 = 19*v - 14*v, 3*j = -2*v - 15. Let q(l) = -l - 5. Give q(j).
-2
Suppose -5*n = -0*n + d + 34, n = 15*d + 54. Let h(c) = -2*c - 16. Determine h(n).
-4
Suppose -4*t + 5*t - 6 = 0. Let s(k) = 12*k + 33. Let m(o) = 2*o + 6. Let b(a) = 34*m(a) - 6*s(a). Calculate b(t).
-18
Suppose 0 = -g - 5*j + 198, -2*g + 4*j = 2*j - 336. Let i = 25 + g. Let d be i/(-90) - (-1)/5. Let f(h) = -3*h - 3. Give f(d).
3
Let p = 96 - 66. Suppose p = 5*h - 2*g + 4*g, -5*g + 21 = -h. Let u(z) = z**2 - 5*z - 1. Calculate u(h).
-5
Let g(j) = j**2 - 2*j - 4. Let h = 106 - 54. Suppose 45 = 3*r + m + 11, -4*r + h = 3*m. Suppose 2*y + 3*y = -4*s + 41, -2*y = -r. Give g(s).
4
Let v(d) be the second derivative of d**5/20 - 7*d**4/12 + 3*d**3/2 - 4*d**2 - 212*d. Calculate v(6).
10
Let i(n) = n**3 - 6*n**2 + 5*n. Let c be (-2)/10 + (-573)/(-15). Let u(q) = 4*q + 43. Let r be u(-19). Let y = c + r. What is i(y)?
0
Suppose -2*p - 96*y - 20 = -98*y, -5*y = -p - 18. Let c(b) = -b - 6. Determine c(p).
2
Let y(s) = 1 + 4 - 1 - 3*s + 7 + s**2 - 12. Calculate y(6).
17
Let k(t) = -t**2 + 4*t + 4. Suppose 2*z - 104*m - 3 = -109*m, -2*z - 4*m = -4. Give k(z).
4
Let b = -22 + 12. Let i be (4/(-8) + 0)*b. Suppose r - i*r + 4 = 0. Let c(x) = -2*x**3 + 2*x**2 - 2*x + 1. Give c(r).
-1
Let g(w) = 6*w + w**3 - 12*w**2 - 3 - 2*w**3 + 1 + 8*w. Determine g(-13).
-15
Let x(s) be the third derivative of s**6/120 - s**5/10 - s**4/12 + 4*s**3/3 + 2*s**2. Let o = -89 - -95. Calculate x(o).
-4
Let r = -8 + 12. Suppose r*y - 11 = -3. Let q(l) be the second derivative of l**5/20 - l**4/6 - l**3/2 + 3*l**2/2 + 5*l + 16. Calculate q(y).
-3
Let r(z) = -6*z**2 + z + 1. Let m(a) = a + 8. Let d be m(-6). Suppose d*b - 25 = 7*b. Let j(v) = -v**2 - 4*v + 4. Let h be j(b). Determine r(h).
-6
Let o(n) be the first derivative of n**4/24 + n**3/6 + 2*n**2 + 10. Let j(f) be the second derivative of o(f). Suppose 5*h + 6 - 16 = 0. Determine j(h).
3
Let s(q) = -38*q**3 + 2*q - 1. Let r = 307 + -306. Determine s(r).
-37
Let w(o) = o + 17. Let x be w(-15). Let r(s) = -9*s**2 + 0*s**3 + 6*s**x + 2 + s - s**3. Give r(-2).
-4
Suppose 0 = 6*z - 4*z + 5*w + 6, 12 = -4*z - 3*w. Let d(m) = m**3 + 7*m**2 + 5*m - 4. Calculate d(z).
17
Suppose 2*r = -16*k + 12*k + 18, -5*r + 2*k = -21. Let f(c) = 2*c**2 - 7*c. Determin